2 = 0, -3*d + 31*w = 36*w - 34. Determine f(d).
-5
Suppose 2*n + 190*v = 185*v - 13, 5*v + 37 = 2*n. Let z(t) = -t**2 + 3*t + 3. Calculate z(n).
-15
Let d(c) = -10*c + 7. Let l = -1428 - -1435. Give d(l).
-63
Let p(u) = -u**3 + 3*u**2 + 5*u - 4. Let l = 141 - 137. Give p(l).
0
Suppose -3*b - 180 = k + 1, 2*b = k - 119. Let w = 64 + b. Let x(y) = y**2 - 4*y. What is x(w)?
0
Let v(x) = x**2 + x + 2. Let j(b) = -b**3 - 5*b**2 + 9*b. Let n(c) = c**2 + c + 1. Let s(h) = j(h) + 2*n(h). Let f be s(-5). What is v(f)?
8
Suppose -6*t = -t + 20. Let u(q) = -q**3 + q - 4*q**2 + 8*q - 8*q + 5 + 0*q. Determine u(t).
1
Let m(n) = 8*n + 21. Let b(c) = 7*c + 18. Let y(r) = 7*b(r) - 6*m(r). What is y(-2)?
-2
Let m(z) = z**3 - 7*z**2 + 7*z - 8. Suppose 10 + 46 = 4*q. Suppose -3*h = 2*j - 20, q + 7 = 3*h + 3*j. Calculate m(h).
-2
Let o(k) be the second derivative of -k**4/12 + 7*k**3/6 - k**2 + 198*k. What is o(5)?
8
Let u(o) = -o**3 + 5*o**2 + 4*o + 5. Let l(h) = -2*h**3 + 5*h**2 + 5*h + 6. Let b(p) = 2*l(p) - 3*u(p). Let w be 0*(-6 - -5) + (-46 - -41). What is b(w)?
7
Let q(g) = -g**3 - 2*g**2 - g. Let h be -1 - (-4)/(12/51). Let w be (-74)/(-14) - h/56. Suppose -w*v - 13 = -3. Calculate q(v).
2
Let q(k) = -2*k**2 - 25*k + 8. Suppose 3*r = -4*g + 2*g - 35, 62 = -4*r + 5*g. What is q(r)?
-5
Let m = 46 - 52. Let p(h) = h. Let f(u) = -7*u. Let x(r) = -f(r) - 6*p(r). Determine x(m).
-6
Let p(c) = -c**3 + 4*c**2 - 6*c + 6. Let d be (-3)/(2/(-6) - (-6)/(-9)). Give p(d).
-3
Let s(b) = -b**3 + 5*b**2 + 7*b - 4. Let w be s(6). Suppose i - 5 = -w. Let c(k) = 3*k**2 + 1. Give c(i).
28
Suppose 2*g = -2*g + 192. Suppose 0 = -3*y - 4*s - g, 7*s + 48 = -3*y + 2*s. Let o = y - -22. Let t(h) = h**3 - 7*h**2 + 5*h + 6. Calculate t(o).
0
Let v(u) = -5*u**3 + 9*u**2 - 3*u. Let x(d) = d**3 - d**2 + d. Let h(w) = -v(w) - 4*x(w). What is h(4)?
-20
Let f(o) = o**3 - 8*o**2 + 3*o - 3. Let q be f(8). Suppose 5*a + q = 2*d, -a - 2*d + 9 = 2*d. Let j(v) = 3*v - 2*v - 2 - 3*v + v. Calculate j(a).
1
Suppose 5*o = -2*o + 35. Let h(q) = 12*q + q**2 - 11*q - o - 3*q. Calculate h(4).
3
Let k be 1*(-1 - -3 - 1). Let o(y) be the third derivative of 0 - 3*y**2 + 0*y**3 + 0*y**4 + 0*y + 1/10*y**5. What is o(k)?
6
Let n(i) be the second derivative of -1/20*i**5 + 1/2*i**2 + 0 - 1/12*i**4 + 19*i + 1/3*i**3. What is n(2)?
-7
Let d be (18/3*112/(-21))/(-1). Let j(c) = 2*c - 60. Calculate j(d).
4
Let v(y) = -y**3 + 9*y**2 - y + 6. Let j be v(9). Let m(p) be the second derivative of p**3/6 - 2*p**2 - 18*p. Calculate m(j).
-7
Let j be -2 - 8/4*-2. Let z(m) = 48*m**j - 3 + 3*m - 46*m**2 + 4. Calculate z(-2).
3
Let j = -1517 - -1512. Let s(v) = -5*v - 24. Calculate s(j).
1
Let y(v) = v**3 + 4*v**2 + 2*v + 3. Let z(n) = -n**2 - 9*n - 6. Let d be z(-8). Suppose 9 = -a + d*a. Suppose 0*f + 3*f + a = 0. Give y(f).
6
Let q(b) = -b**3 - 5*b**2 - 3*b + 1. Let x(n) = 3*n - 2. Let r be x(3). Let i(z) = 3*z**3 + 15*z**2 + 9*z - 3. Let p(m) = r*q(m) + 2*i(m). What is p(-4)?
-3
Let a(g) be the second derivative of g**4/12 - g**3 + 5*g**2/2 - 3*g + 45. Suppose -m + 4 = 5*i, -4*i + 6 = 4*m - 10. Determine a(m).
-3
Let s = 8 - 6. Suppose y = -4*a - 10, 7*a - 4*a = 4*y + s. Let i(d) = -4*d - 1. Calculate i(y).
7
Let l(f) = -1. Let b = -46 + 41. Let p(s) = -s**2 + 3*s - 2. Let c(h) = b*l(h) + p(h). Calculate c(3).
3
Let w(l) = -50*l - 45*l - 5 + 94*l. Let a be (-7)/(-3)*(0 - 3). What is w(a)?
2
Let o(r) = -3*r**2 - 3. Let h(t) = -t + 3 + 13*t**2 + 0*t - 9*t**2. Let k be (-30)/12*8/(-5). Let z(g) = k*h(g) + 5*o(g). Calculate z(6).
9
Suppose 4*i = -2*s - 12, -9*i + 12 = -4*s - 5*i. Let b(g) = -g - 3. Calculate b(s).
1
Let u(i) = i - 1. Let g(s) = -89*s + 6. Let p be g(0). What is u(p)?
5
Suppose 9*j - 4*j - 4*g = -8, 3*j + 5*g = 10. Let t be 2 + (0 - 1) + 1. Let u(n) = -t + 6 - 2*n + n. Determine u(j).
4
Let z(d) = d + 16. Let r be z(-20). Let b(q) = -5*q**2 - 4*q - 8. Let k(n) = n**2 + 1. Let g(t) = -b(t) - 4*k(t). Give g(r).
4
Let f(a) = a**3 - 3*a**2 - 3*a - 3. Let y be 0 - 1 - 18/(-6). Suppose 0 = -y*s - 1 - 1. Let q be 10/2 + (-3 - s). What is f(q)?
-12
Let u = 49 - 45. Suppose -r - 2 = -c + 6, 5*c = r + 32. Suppose -3*x + 3*y = -0*x + c, u = -2*y. Let n(b) = b - 1. What is n(x)?
-5
Let l(h) = -2*h**2 + 4*h - 2. Suppose a = -5*g + 13, 3*a = 6*a - 3*g - 3. Let f(z) = -2*z + 5*z - 5*z + a*z - 3. Let o be f(5). Determine l(o).
-2
Let s(h) = -1. Let m(g) = -3*g - 1. Let r(w) = -m(w) - 3*s(w). Let n(u) = -u + 1. Let c(y) = 5*n(y) - r(y). Determine c(1).
-7
Let f(i) = -4*i - 15 + 10 + 0*i**2 + i**2 + 1. Give f(5).
1
Let w(c) = 1 - 5 - 5 + 4*c + 6 - 2*c. What is w(-3)?
-9
Let q = -301 + 531. Let m be (-6)/(-33) - q/55. Let x be (2 - 2)*2/m. Let k(o) = o + 8. Determine k(x).
8
Let q(d) = d**2 - d - 2. Let h be q(0). Suppose 2 = -2*z + 3*z. Let u(t) = -10*t - 3*t**z - 2 + 8*t + 2. Calculate u(h).
-8
Let i(k) = k**2 - 3. Let u be (-6)/15*200/4. Let q be (6/4)/(u/80). Let d be q - (0 + 1)*-3. What is i(d)?
6
Let u be -9 - (9 + 36)/(-5). Let s(o) = -2*o + 16. What is s(u)?
16
Let a(l) be the first derivative of l**4/4 + 16*l**3/3 + l**2/2 + 14*l + 300. Give a(-16).
-2
Let h(b) be the second derivative of b**4/12 - b**3/6 + 7*b**2/2 - 119*b. What is h(0)?
7
Suppose -3*c = c + 16. Let a be (-1)/c - (-172)/16. Let b(k) = a*k - 15*k + 5*k. Calculate b(-1).
-1
Let y(x) = 8*x. Let z(g) = -2*g**2 + 8*g + 29. Let c be z(-4). Let i = 34 + c. Give y(i).
-8
Let s(r) = r + 1. Let q(n) = 2*n + 1. Let b be 4/(2/2 - 2). Let v(l) = b*s(l) + 5*q(l). Let z be (-1 - 6/(-4))*-4. Give v(z).
-11
Let t(v) be the first derivative of v**4/4 - v**3/3 - v**2/2 + 4*v + 1. Let n(u) = 10*u + 210. Let z be n(-21). What is t(z)?
4
Let l(h) = 2*h + 6. Let c = 278 - 282. Determine l(c).
-2
Suppose r - 3*r - 5*w = -18, -5*w + 14 = r. Suppose -r*x = -1 - 3. Let j(f) = -x + 2*f**2 - 4*f**2 + 3*f**2 + f**3 + f + 0*f. Give j(0).
-1
Let w(z) be the first derivative of 0*z + 11 - 1/2*z**2 - 7/4*z**4 + 2/3*z**3. Give w(1).
-6
Let k = -257 + 729. Let p be (-10)/45 + k/18. Suppose -3*t - 4*s - p = 0, s + 14 = -4*t + 2*t. Let u(x) = -x**2 - 5*x + 7. What is u(t)?
1
Let z(x) = x**2 - 14*x - 15. Let j(t) = -t**3 - 7*t**2 + 18*t + 15. Let o be j(-9). What is z(o)?
0
Let k(s) be the first derivative of -s**5/60 + 13*s**4/24 - s**3 + 21*s**2/2 - 49. Let d(b) be the second derivative of k(b). Determine d(13).
-6
Let m(z) = z**2 - 3*z - 2. Let f be (-5 + 1)*(-14)/4. Suppose b + 3*b = 2*k, -5*b + f = k. What is m(k)?
2
Let p(k) = k**2 + 6*k - 2. Suppose 10 = 4*v - 6, -5*h + 26 = 4*v. Let m be ((-28)/(-8))/(h*1/(-4)). Calculate p(m).
5
Let c(h) = -3*h**3 + h**2 - 2*h. Let o(p) = 2*p + 31. Let i be o(-15). Let g be c(i). Let t(q) = 2*q**2 + 5*q + 1. What is t(g)?
13
Let p(s) = 5*s - 26. Let j be p(6). Let i be (-8)/28 - j/(-14). Let y(m) = -5*m - 101. Let w(o) = -o - 20. Let k(q) = 11*w(q) - 2*y(q). Give k(i).
-18
Let y(c) be the second derivative of c**5/10 + c**4/3 + c**3/2 + c**2 - c - 157. Let l = 23 - -3. Suppose 0*i - g - 14 = 5*i, -l = 3*i + 5*g. Determine y(i).
-4
Let x(k) be the first derivative of -k**3/3 - 4*k**2 - 3*k - 6. Let c be x(-5). Let r(j) = j - 9. Give r(c).
3
Suppose 0 = -5*r - j + 15, 0 = 3*r + 3*j - 1 + 4. Suppose 40 = r*t - 0*t. Let q(b) = -5*b - 1 + 5*b + t*b**2 - 9*b**2. Give q(2).
3
Let b(x) = x**2 + 1. Suppose -2*j - 5*s = -3*j + 38, 0 = 3*j - 5*s - 94. Let p = j + -31. Determine b(p).
10
Let r = -1319 - -1319. Let w(k) = k**2 + 2*k + 5. Calculate w(r).
5
Let x = 818 - 806. Let u(d) = -d**2 + 12*d + 4. Determine u(x).
4
Let d(m) = -2*m**3 + 8*m**2 + 11*m - 1. Let s(u) = 10*u**3 - 33*u**2 - 47*u + 3. Let y(v) = -9*d(v) - 2*s(v). Calculate y(-4).
55
Let w(z) = -8*z + 2. Let g(i) = i + 39. Let j be g(-27). Suppose j - 8 = -2*t. Determine w(t).
18
Let h(z) be the third derivative of 0*z - 1/6*z**3 + 0*z**4 + 0 + 13/60*z**5 - 22*z**2. Let o(b) = b**2 + 7*b + 5. Let g be o(-6). What is h(g)?
12
Let i(k) = k - 8. Let h = 4 - -1. Let v = 9 - h. Let j = 10 - v. Calculate i(j).
-2
Let l(t) = -6*t**2 + 5 - t - 7*t**2 + 11*t**2 - 2*t**2 - 3*t. Calculate l(2).
-19
Let w(p) be the second derivative of -5*p**2 + 1/6*p**3 + 0 + 5*p. What is w(5)?
-5
Let g(v) = -v - 3. Let t(f) = -f - 6. Let r(l) = 3*g(l) - t(l). Let w(z) = z**2 - 6*z - 8. Let q be w(6). Calculate r(q).